{"id":98,"date":"2024-08-16T08:16:15","date_gmt":"2024-08-16T08:16:15","guid":{"rendered":"https:\/\/femstjerners.no\/website_c6139ab7\/?page_id=98"},"modified":"2024-08-26T14:33:42","modified_gmt":"2024-08-26T14:33:42","slug":"hovedrengjoring","status":"publish","type":"page","link":"https:\/\/femstjerners.no\/website_c6139ab7\/hovedrengjoring\/","title":{"rendered":"Hovedrengj\u00f8ring"},"content":{"rendered":"<p>[et_pb_section fb_built=&#8221;1&#8243; _builder_version=&#8221;4.27.0&#8243; _module_preset=&#8221;default&#8221; custom_padding=&#8221;41px|0px|90px|0px|false|false&#8221; global_colors_info=&#8221;{}&#8221;][et_pb_row _builder_version=&#8221;4.27.0&#8243; _module_preset=&#8221;default&#8221; module_alignment=&#8221;center&#8221; hover_enabled=&#8221;0&#8243; global_colors_info=&#8221;{}&#8221; sticky_enabled=&#8221;0&#8243;][et_pb_column type=&#8221;4_4&#8243; _builder_version=&#8221;4.27.0&#8243; _module_preset=&#8221;default&#8221; global_colors_info=&#8221;{}&#8221;][et_pb_text _builder_version=&#8221;4.27.0&#8243; _module_preset=&#8221;default&#8221; hover_enabled=&#8221;0&#8243; sticky_enabled=&#8221;0&#8243;]<\/p>\n<h2 style=\"text-align: center;\">HOVEDREGJ\u00d8RING<\/h2>\n<p>[\/et_pb_text][et_pb_text _builder_version=&#8221;4.27.0&#8243; _module_preset=&#8221;default&#8221; hover_enabled=&#8221;0&#8243; sticky_enabled=&#8221;0&#8243;]<\/p>\n<h3 class=\"vcex-heading vcex-heading-plain vcex-module wpex-heading wpex-text-2xl vcex_66cc85f89ffbd\"><span class=\"vcex-heading-inner wpex-inline-block\">Hovedrengj\u00f8ring for bedrifter, haller, borettslag, skoler og barnehager<\/span><\/h3>\n<p>[\/et_pb_text][et_pb_text _builder_version=&#8221;4.27.0&#8243; _module_preset=&#8221;default&#8221; custom_padding=&#8221;||0px|||&#8221; hover_enabled=&#8221;0&#8243; global_colors_info=&#8221;{}&#8221; sticky_enabled=&#8221;0&#8243;]<\/p>\n<p>Hovedrengj\u00f8ring inneb\u00e6rer en mer omfattende rengj\u00f8ring som utf\u00f8res i de omr\u00e5dene hvor ansatte tilbringer mye tid, samt i de omr\u00e5dene som ikke rengj\u00f8res s\u00e5 ofte under den daglige renholdsrutinen.<\/p>\n<p>Hva inneb\u00e6rer en hovedrengj\u00f8ring? En hovedrengj\u00f8ring kan inkludere:<\/p>\n<ul>\n<li>Rengj\u00f8ring av tak og vegger<\/li>\n<li>Rengj\u00f8ring av alt inventar<\/li>\n<li>Rengj\u00f8ring av sanit\u00e6rrom<\/li>\n<li>Rengj\u00f8ring av hengende lamper<\/li>\n<li>Rengj\u00f8ring av ventiler og radiatorer<\/li>\n<li>Innvendig vinduspuss, inkludert vask av karmer<\/li>\n<li>St\u00f8vsanering, spesielt i h\u00f8yden, som ventilasjonsr\u00f8r og utstikkende flater<\/li>\n<li>Tepperens og\/eller m\u00f8belrens<\/li>\n<li>Rens og boning av gulv<\/li>\n<\/ul>\n<p>Hovedrengj\u00f8ring er en sentral del av det totale renholdet og b\u00f8r utf\u00f8res en til to ganger i \u00e5ret. Vi anbefaler dette for \u00e5 opprettholde et godt inneklima og et sunt arbeidsmilj\u00f8. Hyppigheten av hovedrengj\u00f8ring avhenger av flere faktorer, som bedriftstype, bruken av lokalene og bygningens beliggenhet.<\/p>\n<p>Vi gjennomf\u00f8rer alltid en befaring og utarbeider et uforpliktende tilbud basert p\u00e5 hvilke omr\u00e5der og behov dere \u00f8nsker at hovedrengj\u00f8ringen skal dekke. Vi hjelper dere med \u00e5 finne den renholdsplanen som passer best for deres bedrift. Med lang erfaring og n\u00f8dvendig fagkunnskap innen renhold, vet vi hva som b\u00f8r inkluderes i hovedrengj\u00f8ringen for \u00e5 opprettholde en h\u00f8y standard.<\/p>\n<p>[\/et_pb_text][\/et_pb_column][\/et_pb_row][\/et_pb_section]<\/p>\n","protected":false},"excerpt":{"rendered":"<p>HOVEDREGJ\u00d8RINGHovedrengj\u00f8ring for bedrifter, haller, borettslag, skoler og barnehagerHovedrengj\u00f8ring inneb\u00e6rer en mer omfattende rengj\u00f8ring som utf\u00f8res i de omr\u00e5dene hvor ansatte tilbringer mye tid, samt i de omr\u00e5dene som ikke rengj\u00f8res s\u00e5 ofte under den daglige renholdsrutinen. Hva inneb\u00e6rer en hovedrengj\u00f8ring? En hovedrengj\u00f8ring kan inkludere: Rengj\u00f8ring av tak og vegger Rengj\u00f8ring av alt inventar Rengj\u00f8ring av [&hellip;]<\/p>\n","protected":false},"author":1,"featured_media":0,"parent":0,"menu_order":0,"comment_status":"closed","ping_status":"closed","template":"","meta":{"nf_dc_page":"","_et_pb_use_builder":"on","_et_pb_old_content":"","_et_gb_content_width":"","om_disable_all_campaigns":false,"_monsterinsights_skip_tracking":false,"_monsterinsights_sitenote_active":false,"_monsterinsights_sitenote_note":"","_monsterinsights_sitenote_category":0,"footnotes":""},"class_list":["post-98","page","type-page","status-publish","hentry"],"yoast_head":"<!-- This site is optimized with the Yoast SEO plugin v27.6 - https:\/\/yoast.com\/product\/yoast-seo-wordpress\/ -->\n<title>Hovedrengj\u00f8ring - FEM STJERNERS RENHOLD AS<\/title>\n<meta name=\"robots\" content=\"index, follow, max-snippet:-1, max-image-preview:large, max-video-preview:-1\" \/>\n<link rel=\"canonical\" href=\"https:\/\/femstjerners.no\/website_c6139ab7\/hovedrengjoring\/\" \/>\n<meta property=\"og:locale\" content=\"en_US\" \/>\n<meta property=\"og:type\" content=\"article\" \/>\n<meta property=\"og:title\" content=\"Hovedrengj\u00f8ring - FEM STJERNERS RENHOLD AS\" \/>\n<meta property=\"og:description\" content=\"HOVEDREGJ\u00d8RINGHovedrengj\u00f8ring for bedrifter, haller, borettslag, skoler og barnehagerHovedrengj\u00f8ring inneb\u00e6rer en mer omfattende rengj\u00f8ring som utf\u00f8res i de omr\u00e5dene hvor ansatte tilbringer mye tid, samt i de omr\u00e5dene som ikke rengj\u00f8res s\u00e5 ofte under den daglige renholdsrutinen. Hva inneb\u00e6rer en hovedrengj\u00f8ring? En hovedrengj\u00f8ring kan inkludere: Rengj\u00f8ring av tak og vegger Rengj\u00f8ring av alt inventar Rengj\u00f8ring av [&hellip;]\" \/>\n<meta property=\"og:url\" content=\"https:\/\/femstjerners.no\/website_c6139ab7\/hovedrengjoring\/\" \/>\n<meta property=\"og:site_name\" content=\"FEM STJERNERS RENHOLD AS\" \/>\n<meta property=\"article:modified_time\" content=\"2024-08-26T14:33:42+00:00\" \/>\n<meta name=\"twitter:card\" content=\"summary_large_image\" \/>\n<script type=\"application\/ld+json\" class=\"yoast-schema-graph\">{\"@context\":\"https:\\\/\\\/schema.org\",\"@graph\":[{\"@type\":\"WebPage\",\"@id\":\"https:\\\/\\\/femstjerners.no\\\/website_c6139ab7\\\/hovedrengjoring\\\/\",\"url\":\"https:\\\/\\\/femstjerners.no\\\/website_c6139ab7\\\/hovedrengjoring\\\/\",\"name\":\"Hovedrengj\u00f8ring - FEM STJERNERS RENHOLD AS\",\"isPartOf\":{\"@id\":\"https:\\\/\\\/femstjerners.no\\\/website_c6139ab7\\\/#website\"},\"datePublished\":\"2024-08-16T08:16:15+00:00\",\"dateModified\":\"2024-08-26T14:33:42+00:00\",\"breadcrumb\":{\"@id\":\"https:\\\/\\\/femstjerners.no\\\/website_c6139ab7\\\/hovedrengjoring\\\/#breadcrumb\"},\"inLanguage\":\"en-US\",\"potentialAction\":[{\"@type\":\"ReadAction\",\"target\":[\"https:\\\/\\\/femstjerners.no\\\/website_c6139ab7\\\/hovedrengjoring\\\/\"]}]},{\"@type\":\"BreadcrumbList\",\"@id\":\"https:\\\/\\\/femstjerners.no\\\/website_c6139ab7\\\/hovedrengjoring\\\/#breadcrumb\",\"itemListElement\":[{\"@type\":\"ListItem\",\"position\":1,\"name\":\"Home\",\"item\":\"https:\\\/\\\/femstjerners.no\\\/website_c6139ab7\\\/\"},{\"@type\":\"ListItem\",\"position\":2,\"name\":\"Hovedrengj\u00f8ring\"}]},{\"@type\":\"WebSite\",\"@id\":\"https:\\\/\\\/femstjerners.no\\\/website_c6139ab7\\\/#website\",\"url\":\"https:\\\/\\\/femstjerners.no\\\/website_c6139ab7\\\/\",\"name\":\"FEM STJERNERS RENHOLD AS\",\"description\":\"Leverand\u00f8r av renholdstjenester\",\"potentialAction\":[{\"@type\":\"SearchAction\",\"target\":{\"@type\":\"EntryPoint\",\"urlTemplate\":\"https:\\\/\\\/femstjerners.no\\\/website_c6139ab7\\\/?s={search_term_string}\"},\"query-input\":{\"@type\":\"PropertyValueSpecification\",\"valueRequired\":true,\"valueName\":\"search_term_string\"}}],\"inLanguage\":\"en-US\"}]}<\/script>\n<!-- \/ Yoast SEO plugin. -->","yoast_head_json":{"title":"Hovedrengj\u00f8ring - FEM STJERNERS RENHOLD AS","robots":{"index":"index","follow":"follow","max-snippet":"max-snippet:-1","max-image-preview":"max-image-preview:large","max-video-preview":"max-video-preview:-1"},"canonical":"https:\/\/femstjerners.no\/website_c6139ab7\/hovedrengjoring\/","og_locale":"en_US","og_type":"article","og_title":"Hovedrengj\u00f8ring - FEM STJERNERS RENHOLD AS","og_description":"HOVEDREGJ\u00d8RINGHovedrengj\u00f8ring for bedrifter, haller, borettslag, skoler og barnehagerHovedrengj\u00f8ring inneb\u00e6rer en mer omfattende rengj\u00f8ring som utf\u00f8res i de omr\u00e5dene hvor ansatte tilbringer mye tid, samt i de omr\u00e5dene som ikke rengj\u00f8res s\u00e5 ofte under den daglige renholdsrutinen. Hva inneb\u00e6rer en hovedrengj\u00f8ring? En hovedrengj\u00f8ring kan inkludere: Rengj\u00f8ring av tak og vegger Rengj\u00f8ring av alt inventar Rengj\u00f8ring av [&hellip;]","og_url":"https:\/\/femstjerners.no\/website_c6139ab7\/hovedrengjoring\/","og_site_name":"FEM STJERNERS RENHOLD AS","article_modified_time":"2024-08-26T14:33:42+00:00","twitter_card":"summary_large_image","schema":{"@context":"https:\/\/schema.org","@graph":[{"@type":"WebPage","@id":"https:\/\/femstjerners.no\/website_c6139ab7\/hovedrengjoring\/","url":"https:\/\/femstjerners.no\/website_c6139ab7\/hovedrengjoring\/","name":"Hovedrengj\u00f8ring - FEM STJERNERS RENHOLD AS","isPartOf":{"@id":"https:\/\/femstjerners.no\/website_c6139ab7\/#website"},"datePublished":"2024-08-16T08:16:15+00:00","dateModified":"2024-08-26T14:33:42+00:00","breadcrumb":{"@id":"https:\/\/femstjerners.no\/website_c6139ab7\/hovedrengjoring\/#breadcrumb"},"inLanguage":"en-US","potentialAction":[{"@type":"ReadAction","target":["https:\/\/femstjerners.no\/website_c6139ab7\/hovedrengjoring\/"]}]},{"@type":"BreadcrumbList","@id":"https:\/\/femstjerners.no\/website_c6139ab7\/hovedrengjoring\/#breadcrumb","itemListElement":[{"@type":"ListItem","position":1,"name":"Home","item":"https:\/\/femstjerners.no\/website_c6139ab7\/"},{"@type":"ListItem","position":2,"name":"Hovedrengj\u00f8ring"}]},{"@type":"WebSite","@id":"https:\/\/femstjerners.no\/website_c6139ab7\/#website","url":"https:\/\/femstjerners.no\/website_c6139ab7\/","name":"FEM STJERNERS RENHOLD AS","description":"Leverand\u00f8r av renholdstjenester","potentialAction":[{"@type":"SearchAction","target":{"@type":"EntryPoint","urlTemplate":"https:\/\/femstjerners.no\/website_c6139ab7\/?s={search_term_string}"},"query-input":{"@type":"PropertyValueSpecification","valueRequired":true,"valueName":"search_term_string"}}],"inLanguage":"en-US"}]}},"jetpack_sharing_enabled":true,"_links":{"self":[{"href":"https:\/\/femstjerners.no\/website_c6139ab7\/wp-json\/wp\/v2\/pages\/98","targetHints":{"allow":["GET"]}}],"collection":[{"href":"https:\/\/femstjerners.no\/website_c6139ab7\/wp-json\/wp\/v2\/pages"}],"about":[{"href":"https:\/\/femstjerners.no\/website_c6139ab7\/wp-json\/wp\/v2\/types\/page"}],"author":[{"embeddable":true,"href":"https:\/\/femstjerners.no\/website_c6139ab7\/wp-json\/wp\/v2\/users\/1"}],"replies":[{"embeddable":true,"href":"https:\/\/femstjerners.no\/website_c6139ab7\/wp-json\/wp\/v2\/comments?post=98"}],"version-history":[{"count":4,"href":"https:\/\/femstjerners.no\/website_c6139ab7\/wp-json\/wp\/v2\/pages\/98\/revisions"}],"predecessor-version":[{"id":650,"href":"https:\/\/femstjerners.no\/website_c6139ab7\/wp-json\/wp\/v2\/pages\/98\/revisions\/650"}],"wp:attachment":[{"href":"https:\/\/femstjerners.no\/website_c6139ab7\/wp-json\/wp\/v2\/media?parent=98"}],"curies":[{"name":"wp","href":"https:\/\/api.w.org\/{rel}","templated":true}]}}